ded by 6179.
26
Calculate the remainder when 42160 is divided by 3559.
3011
What is the remainder when 67472864 is divided by 12?
8
Calculate the remainder when 4985218 is divided by 829.
441
What is the remainder when 12701530 is divided by 41?
17
What is the remainder when 6451622 is divided by 46?
30
Calculate the remainder when 62814843 is divided by 10469139.
9
What is the remainder when 222118 is divided by 221965?
153
What is the remainder when 832910 is divided by 41?
36
What is the remainder when 6842504 is divided by 1234?
1208
Calculate the remainder when 21718276 is divided by 965.
951
What is the remainder when 2632578 is divided by 2632347?
231
Calculate the remainder when 37690124 is divided by 733.
730
What is the remainder when 507875 is divided by 67?
15
What is the remainder when 5279398 is divided by 1157?
7
Calculate the remainder when 88040 is divided by 170.
150
What is the remainder when 32511 is divided by 16135?
241
Calculate the remainder when 360718 is divided by 24001.
703
Calculate the remainder when 8979792 is divided by 897957.
222
Calculate the remainder when 14142130 is divided by 2018.
2004
Calculate the remainder when 575768 is divided by 6257.
124
Calculate the remainder when 948998 is divided by 1929.
1859
What is the remainder when 57385504 is divided by 89?
84
Calculate the remainder when 2082194 is divided by 1360.
34
What is the remainder when 10432315 is divided by 51645?
25
Calculate the remainder when 262039878 is divided by 5561.
5558
Calculate the remainder when 2970967 is divided by 3883.
472
What is the remainder when 70609 is divided by 2140?
2129
Calculate the remainder when 41577 is divided by 2957.
179
What is the remainder when 13309923 is divided by 4313?
5
What is the remainder when 35254 is divided by 17309?
636
What is the remainder when 1396457 is divided by 621?
449
What is the remainder when 17887081 is divided by 130?
121
What is the remainder when 14488718 is divided by 157?
130
What is the remainder when 3364407 is divided by 737?
2
Calculate the remainder when 487251 is divided by 833.
779
Calculate the remainder when 45205 is divided by 2105.
1000
Calculate the remainder when 15113 is divided by 1240.
233
What is the remainder when 22001396 is divided by 3400?
3396
Calculate the remainder when 933445 is divided by 94.
25
What is the remainder when 6595243 is divided by 9?
7
What is the remainder when 22996541 is divided by 173?
170
Calculate the remainder when 32860 is divided by 32719.
141
What is the remainder when 6297731 is divided by 144?
35
What is the remainder when 65163506 is divided by 9053?
12
What is the remainder when 189339262 is divided by 266675?
12
Calculate the remainder when 1035934 is divided by 548.
214
What is the remainder when 228496 is divided by 12668?
472
What is the remainder when 646206 is divided by 616?
22
Calculate the remainder when 58583 is divided by 385.
63
What is the remainder when 196658 is divided by 65549?
11
Calculate the remainder when 437820 is divided by 1311.
1257
Calculate the remainder when 6669207 is divided by 2971.
2283
Calculate the remainder when 96665 is divided by 1032.
689
What is the remainder when 17564 is divided by 1778?
1562
What is the remainder when 40050 is divided by 9824?
754
What is the remainder when 2621019 is divided by 2124?
3
Calculate the remainder when 74228 is divided by 36834.
560
Calculate the remainder when 483515 is divided by 745.
10
What is the remainder when 13599 is divided by 1442?
621
Calculate the remainder when 2566176 is divided by 369.
150
Calculate the remainder when 7628520 is divided by 7988.
7968
Calculate the remainder when 5981122 is divided by 11.
4
What is the remainder when 1396695 is divided by 41060?
655
What is the remainder when 1090290 is divided by 363425?
15
What is the remainder when 1209448 is divided by 604686?
76
What is the remainder when 426452 is divided by 1102?
1080
Calculate the remainder when 6158616 is divided by 2052852.
60
What is the remainder when 365512639 is divided by 10?
9
What is the remainder when 3717549 is divided by 1858773?
3
Calculate the remainder when 143024 is divided by 28601.
19
Calculate the remainder when 622894 is divided by 120.
94
Calculate the remainder when 395791 is divided by 13629.
550
What is the remainder when 14687068 is divided by 93548?
32
Calculate the remainder when 1245809744 is divided by 9.
8
What is the remainder when 4444285 is divided by 2185?
2180
Calculate the remainder when 163614660 is divided by 40903664.
4
What is the remainder when 1717955 is divided by 145?
140
Calculate the remainder when 10775368 is divided by 133029.
19
What is the remainder when 233823 is divided by 6306?
501
What is the remainder when 31489992 is divided by 11901?
11847
What is the remainder when 15887321 is divided by 11110?
21
What is the remainder when 136452 is divided by 134915?
1537
What is the remainder when 37465200 is divided by 86725?
0
What is the remainder when 6142 is divided by 50?
42
What is the remainder when 4290432 is divided by 4289991?
441
What is the remainder when 33067087 is divided by 55?
42
Calculate the remainder when 25652138 is divided by 7.
1
What is the remainder when 26123662 is divided by 29?
27
Calculate the remainder when 60643 is divided by 588.
79
Calculate the remainder when 9260 is divided by 1714.
690
What is the remainder when 18668046 is divided by 18667983?
63
Calculate the remainder when 182880247 is divided by 2251.
3
What is the remainder when 21782817 is divided by 2008?
33
What is the remainder when 53698 is divided by 182?
8
What is the remainder when 56251 is divided by 6542?
3915
Calculate the remainder when 69880 is divided by 69868.
12
Calculate the remainder when 484206 is divided by 23055.
51
Calculate the remainder when 8005582 is divided by 4811.
78
Calculate the remainder when 393615419 is divided by 12.
11
What is the remainder when 10394911 is divided by 43312?
31
What is the remainder when 58589 is divided by 8337?
230
What is the remainder when 520592 is divided by 828?
608
What is the remainder when 15639 is divided by 2231?
22
What is the remainder when 99201 is divided by 322?
25
Calculate the remainder when 35820 is divided by 419.
205
Calculate the remainder when 490563 is divided by 98103.
48
Calculate the remainder when 15273 is divided by 585.
63
What is the remainder when 234772 is divided by 58690?
12
What is the remainder when 1161259 is divided by 273?
190
Calculate the remainder when 5702146 is divided by 5441.
5419
What is the remainder when 52159517 is divided by 553?
4
Calculate the remainder when 2206746 is divided by 756.
738
Calculate the remainder when 106050 is divided by 5549.
619
What is the remainder when 93574438 is divided by 729?
727
Calculate the remainder when 636359 is divided by 401.
373
What is the remainder when 3980 is divided by 3870?
110
What is the remainder when 156961818 is divided by 89?
83
What is the remainder when 2271038 is divided by 2?
0
Calculate the remainder when 379410 is divided by 27100.
10
Calculate the remainder when 1833962 is divided by 7905.
2
What is the remainder when 8912590 is divided by 1794?
1792
What is the remainder when 123339024 is divided by 3426084?
0
What is the remainder when 98311218 is divided by 2426?
2420
What is the remainder when 1900701 is divided by 271527?
12
What is the remainder when 109945 is divided by 156?
121
What is the remainder when 831916 is divided by 23769?
1
What is the remainder when 40186816 is divided by 11?
10
What is the remainder when 141155 is divided by 1489?
1189
What is the remainder when 553637 is divided by 40?
37
Calculate the remainder when 426006 is divided by 1454.
1438
Calculate the remainder when 1525705 is divided by 13267.
0
What is the remainder when 21174 is divided by 2904?
846
What is the remainder when 18991623 is divided by 564?
51
Calculate the remainder when 16149329 is divided by 326.
267
What is the remainder when 390778 is divided by 7620?
2158
What is the remainder when 2548601 is divided by 1274289?
23
What is the remainder when 10748927 is divided by 596?
67
Calculate the remainder when 29480 is divided by 136.
104
What is the remainder when 91070 is di